*v + b, 5*v - b + 2 = -7. What is the remainder when 5 - 8 - 5/v is divided by 1?
0
Let f(b) = b + 23. Suppose -h - 37 = -3*q, -4*q + 0*q + 2*h = -48. Let d = 13 - q. Calculate the remainder when f(d) is divided by 8.
7
Let a(s) = s**2 - 52*s + 504. What is the remainder when 74 is divided by a(12)?
2
Let z be -6*(-11)/(-2) - -3. Let u = -17 - z. What is the remainder when 36 is divided by u?
10
Suppose 5*f + n - 1030 = 0, 4*n - n = -3*f + 606. What is the remainder when f is divided by 30?
27
Let n(m) = 5*m**2 - m + 12. Suppose -3*d - d + 40 = 0. Let o be n(d). Calculate the remainder when o/22 + (-6)/(-33) is divided by 4.
3
Suppose 2*z - 57 = -z. What is the remainder when z is divided by ((-7)/4)/((-5)/20)?
5
Let w(c) = -3*c**2 + 4*c + 3. Let n be w(-3). Let y = 22 + n. Let b(x) = x**3 + 13*x**2 - 14*x + 14. Calculate the remainder when b(y) is divided by 5.
4
Suppose 0*q + 9 = q - x, -2*q + 5*x = -3. Calculate the remainder when 94 is divided by -2*(-1*q + 2).
22
Let l be ((44/3)/(-2))/(4/(-12)). Suppose -23 = l*k - 23*k. Calculate the remainder when k is divided by 10.
3
Suppose -32 = 3*a - 7*a. Suppose 18 = 2*j - a. What is the remainder when (-149)/(-3) + (-3)/(-9) is divided by j?
11
Let o = 112 - 108. Suppose -3*b = o*b - 49. What is the remainder when -19*-1*(-1)/(-1) is divided by b?
5
Suppose 495 + 18081 = 72*l. What is the remainder when l is divided by 65?
63
Let k be (3 - -3)/(12/28). Suppose -k = 5*j + 4*q, -4 = 2*j - 0*j + 2*q. What is the remainder when (-1043)/(-11) - j/33 is divided by 32?
31
Let x(u) = u**3 - u**2 + 3*u - 1. Suppose -14*i + 51 = -75. Calculate the remainder when x(3) is divided by i.
8
Suppose 3*g - 226 - 213 = -2*z, 4*z = 4*g - 572. Calculate the remainder when g is divided by 37.
34
Suppose 0*y = 3*y - 402. Calculate the remainder when y is divided by 260/16 - 3/(-4).
15
Let v(t) be the first derivative of t**3/3 - t**2/2 - 6*t + 4. Let p(r) be the first derivative of v(r). Calculate the remainder when p(4) is divided by 5.
2
Let y(s) = -20*s - 13*s + 28*s - 3. Calculate the remainder when 32 is divided by y(-3).
8
Calculate the remainder when 21/(-14)*52/(-6) is divided by 10.
3
Let o = 5 - 3. Suppose -7*q + 5*t - 11 = 0, 5*t - 12 - 19 = -3*q. What is the remainder when o is divided by q?
0
Let g = 52 + -35. What is the remainder when g is divided by (0 - -13) + (-5 - -2)?
7
Suppose 0 = -5*a + 794 - 234. Suppose -6*y + 4*y + 5*w = 103, a = -3*y - w. Let t = -24 - y. Calculate the remainder when 26 is divided by t.
11
Let u(p) = -27*p + 1 - 3 - 7*p**2 + 4*p**2 + 2*p**2. What is the remainder when u(-22) is divided by 22?
20
Let r(h) = -h**2 - 38*h + 94. Calculate the remainder when 956/14 + (-4)/14 is divided by r(-40).
12
Let j(s) = -2*s + 39. Let l(q) = q + 3. Let b be l(-7). Calculate the remainder when (-126)/4*b/6 is divided by j(14).
10
Let t(m) = 53*m**2 + 2. Let a be t(-2). Suppose 4*d + 2*o = 290, 4*d - 67 = o + a. What is the remainder when d is divided by 24 + (280/98)/10 + (-4)/14?
23
Let d(n) = n**2 - 17*n - 42. Calculate the remainder when 34 is divided by d(-3).
16
Suppose -16*d - 109 - 99 = 0. Calculate the remainder when (-5)/((-15)/282) - (-39)/d is divided by 32.
27
Calculate the remainder when 15 + -16 + (3 + -1 - -65) is divided by 36.
30
Let j be 20/30 - 4/(-3). Suppose -74 = -j*z - 3*p + p, 0 = 2*z + 5*p - 74. Let a = -10 - -20. Calculate the remainder when z is divided by a.
7
Let r(p) = 2*p + 9. Let i be ((-6)/(-9))/((-8)/84). Let s be r(i). Calculate the remainder when (-318)/s - 8/(-20) is divided by 22.
20
Let z = 316 - 214. What is the remainder when z is divided by 5?
2
Let l = -314 + 362. Calculate the remainder when l is divided by 33.
15
Let q = 562 + -168. What is the remainder when 6/8 + q/8 is divided by 13?
11
Let n = -4 - -13. Suppose -2*u + 16 = 4*x, 4*u - 2*x - 24 = 28. Suppose -d + 3*d - u = 0. What is the remainder when n is divided by d?
3
Suppose -179 - 55 = 6*x. Let t = -29 - x. Calculate the remainder when 24 is divided by t.
4
Suppose 0 = 4*j - 20, -13 = 2*g - j - 50. Let m be (-4)/6*(-21)/(-2). Let n(u) = -u**3 - 8*u**2 - 9*u - 8. Calculate the remainder when g is divided by n(m).
3
Let x(i) = 107*i**2 - 20*i + 75. Calculate the remainder when x(5) is divided by 52.
50
Calculate the remainder when 120 is divided by (-9)/(7/147*-3).
57
Let q = -5 + 12. Suppose -2*m - 2*m + 128 = -4*x, 3*m + 5*x - 56 = 0. Calculate the remainder when (m/(-18))/(2/(-36)) is divided by q.
6
Let v = 6 - -57. Let q(c) be the second derivative of -c**5/20 + c**4/2 - c**3/2 + c**2 - 2*c. Calculate the remainder when v is divided by q(4).
19
Let d = -136 + 144. Suppose -a = 5*y - 45, 0 = -2*y - y - 5*a + 5. Calculate the remainder when y is divided by d.
2
Calculate the remainder when (-30)/(-2)*(114/9 + -5) is divided by 9.
7
Let n be ((-3)/9)/(1/(-21)). Let m(z) = z**3 - 9*z**2 + 15*z - 2. What is the remainder when 33 is divided by m(n)?
3
Let p be (-1 - -1) + -1 + 18. Suppose 3 = -4*c - p. Let l(v) = -2*v**3 - 6*v**2 + 7*v - 2. Calculate the remainder when l(c) is divided by 22.
19
Suppose -3*y = -5*f + 145, 0 = -2*y + y. Calculate the remainder when 53 is divided by f.
24
Let g(q) = -q**3 - 5*q**2 + 8*q + 12. Let y be g(-6). Let u be (-14)/6*(y + 3). Let c = 9 + u. Calculate the remainder when 3 is divided by c.
1
Let y(v) be the third derivative of -v**4/24 + v**3/3 - 2*v**2. Calculate the remainder when y(-17) is divided by 8.
3
Let f(p) be the third derivative of p**5/60 - p**4/24 - p**2. Suppose -2 = -i, 0 = c + 2*i - 13 - 5. What is the remainder when c is divided by f(3)?
2
What is the remainder when 99 is divided by (-1225)/(-70)*(-12)/(-7)?
9
Let m = 58 - 33. Suppose 11*b - 42 = 5*b, -2*k = 2*b - 202. Calculate the remainder when k is divided by m.
19
Suppose 8*f - 176 = 3*f + 3*g, 78 = 2*f - 5*g. Let w = 9 + 91. Calculate the remainder when w is divided by f.
32
Let n = 124 + 28. Suppose -4*h = -n + 40. Suppose 0 = -2*i - 0*i + h. What is the remainder when 39 is divided by i?
11
Let y be (1 - 4/6) + 2/(-6). Suppose y*w + 5 = w, 0 = -5*a + 2*w + 35. Calculate the remainder when 22 is divided by a.
4
Let t be 14 - (1 - 0 - 2). Let q = t - 12. Suppose -q*h + 2*s + 31 = 0, s = -3*h - s + 47. Calculate the remainder when h is divided by 7.
6
Suppose s = -15*s + 432. What is the remainder when 322 is divided by s?
25
Let t(d) be the second derivative of d**5/20 + 3*d**4/4 + 5*d**3/6 - 3*d**2/2 + 12*d. Calculate the remainder when t(-6) is divided by 11.
9
Suppose 325*x = 318*x + 2317. What is the remainder when x is divided by 16?
11
Let x be (-1)/3 - (-2)/(-3). Let y be x/(2 - 26/12). Let n(q) = q**3 - 6*q**2 + 5*q - 6. Calculate the remainder when n(y) is divided by 14.
10
Let m be 749/21 - (-2)/6. Let v = m - 33. Calculate the remainder when v is divided by 6/(-5 - -3) - -4.
0
Let v = 173 + 50. What is the remainder when v is divided by 16?
15
Let u(g) = 2*g - g - 3 + g. What is the remainder when 86 is divided by u(16)?
28
Let m(u) = -u**2 - 25*u - 46. Let b be m(-23). Suppose -f + 13 + 4 = b. What is the remainder when 150 is divided by f?
14
Let j(t) be the second derivative of 7*t**4/6 + t**3/3 - t**2/2 + 7*t. What is the remainder when 26 is divided by j(1)?
11
Let b(v) = 9*v - 9. Calculate the remainder when b(8) is divided by 23.
17
Let n(b) = 16*b**2 - 9*b + 16. What is the remainder when 139 is divided by n(3)?
6
Suppose 5*k + 5*z - 35 = 0, 0 = -3*k + 4*z - 16 + 2. Suppose 0 = c - 2 - k, -v + 2*c = 2. Suppose n - v = 1. What is the remainder when 20 is divided by n?
6
Let o = -93 - -97. Suppose 3*t - t - 26 = -4*n, 0 = -2*t + 3*n - 9. What is the remainder when o is divided by t?
1
Let x = -483 + 901. Calculate the remainder when x is divided by 105.
103
What is the remainder when 64/((-65)/(-10) + -3 - 3) is divided by 13?
11
Suppose 14*o = 30 + 166. Calculate the remainder when 69 is divided by o.
13
Suppose -3*o + 173 = -5*x + 40, 4*x = -o + 67. Suppose b = -14 + o. Calculate the remainder when b is divided by 13.
11
Let s be ((-72)/45)/(2/(-1910)*2). What is the remainder when s/14 - (-6)/14 is divided by 19?
17
Let b = 484 - 418. What is the remainder when 2043 is divided by b?
63
Let s be (21 - 18) + 3/(-1). Suppose -v + 150 = -s*d + 2*d, -65 = -d + 